13, what is c24 - 334?
8c0
In base 8, what is -12 + 23453?
23441
In base 16, what is -16 - 47?
-5d
In base 6, what is 1 - -43543552?
43543553
In base 11, what is 12 - -222?
234
In base 11, what is -21 + 57695?
57674
In base 10, what is 1085 + -41?
1044
In base 12, what is a9703 + -5?
a96ba
In base 11, what is 3 + 6975?
6978
In base 7, what is 62214 + -36?
62145
In base 8, what is 4630 + 3?
4633
In base 16, what is -21 + 12e5?
12c4
In base 16, what is -b678 + -16?
-b68e
In base 15, what is 129a + 15?
12b0
In base 2, what is 1000101110 + -1110101?
110111001
In base 6, what is -20333 + 1503?
-14430
In base 6, what is -225343 - -2?
-225341
In base 12, what is 45761 - -2?
45763
In base 8, what is 60217 + -15?
60202
In base 14, what is 6 + 83475?
8347b
In base 5, what is 1 - 11131031?
-11131030
In base 8, what is 23745 + 4?
23751
In base 2, what is -1001 - -10011010100110101?
10011010100101100
In base 7, what is 3 - 13042221?
-13042215
In base 3, what is 10112111220 - -10?
10112112000
In base 4, what is 23233 - -10?
23303
In base 6, what is -1 + -35010?
-35011
In base 10, what is -10 + -9622?
-9632
In base 4, what is 3 + 22013232?
22013301
In base 11, what is 10a3 - 0?
10a3
In base 14, what is 28addd - 5?
28add8
In base 2, what is -101 - -111111110010010100?
111111110010001111
In base 9, what is -3087 - 340?
-3437
In base 9, what is 35 - 14457?
-14422
In base 15, what is -1029 + -1?
-102a
In base 8, what is -12511 + 4?
-12505
In base 3, what is 1000121111121 + 2?
1000121111200
In base 14, what is 1 + 1137b2?
1137b3
In base 8, what is -313 + 16000?
15465
In base 11, what is -56740 - 3?
-56743
In base 2, what is 10 - -1111001100001010?
1111001100001100
In base 10, what is 29904 + 0?
29904
In base 9, what is 6 + -2143406?
-2143400
In base 6, what is -15 - -120402?
120343
In base 7, what is 1 - -516225?
516226
In base 5, what is -4 - -22312334?
22312330
In base 6, what is 101424 - 151?
101233
In base 9, what is -80602 - 4?
-80606
In base 5, what is 224 + 12121?
12400
In base 14, what is -378c - -2?
-378a
In base 10, what is 9898 + 151?
10049
In base 3, what is 11 - 1002200011?
-1002200000
In base 16, what is 25426 + 2?
25428
In base 2, what is 110 + -10000010110100011111?
-10000010110100011001
In base 6, what is -2420020 + 5?
-2420011
In base 11, what is 3a66 + -11?
3a55
In base 12, what is -16297 - 2?
-16299
In base 15, what is 4a2 + 262?
714
In base 11, what is -88647 + -5?
-88651
In base 3, what is 12 + -1220102012?
-1220102000
In base 14, what is 1 + -240023?
-240022
In base 6, what is 13 + 1143422?
1143435
In base 12, what is 54 + -965?
-911
In base 9, what is 10718 - -36?
10755
In base 6, what is 200 - -403?
1003
In base 10, what is -242522 + 2?
-242520
In base 10, what is 1298 + 268?
1566
In base 13, what is b54 - -6?
b5a
In base 8, what is -270135 - -24?
-270111
In base 11, what is -155a8 + -4?
-15601
In base 11, what is 2 - -13821?
13823
In base 12, what is 2a31 - -40?
2a71
In base 9, what is 55644 + -5?
55638
In base 10, what is -13472 - 2?
-13474
In base 7, what is -21511 + -10?
-21521
In base 6, what is 5 + -2035120?
-2035111
In base 14, what is 10 + 6dd?
70d
In base 9, what is -17 - 2225?
-2243
In base 7, what is 3 - -6532463?
6532466
In base 2, what is -1100110110110111 - 1?
-1100110110111000
In base 3, what is -20111011 - 10011?
-20121022
In base 14, what is -8cb8 + -ca?
-8da4
In base 8, what is -57 + 46743?
46664
In base 3, what is 120 - 112220?
-112100
In base 9, what is 772 - -784?
1666
In base 9, what is 18007 + 0?
18007
In base 9, what is -87 - -101?
3
In base 8, what is -1041316 + -12?
-1041330
In base 10, what is -24687 + 3?
-24684
In base 5, what is -2 - -111134?
111132
In base 5, what is -3 + 3140214?
3140211
In base 14, what is -3d4 + -64?
-458
In base 13, what is -951 - -26?
-928
In base 15, what is 151 - 370?
-21e
In base 3, what is 1001220001210 + -1?
1001220001202
In base 2, what is -1000010 + -1011000001?
-1100000011
In base 12, what is 7541 + -1?
7540
In base 6, what is -2102 + 11510?
5404
In base 4, what is 230122 + -213?
223303
In base 6, what is -10 - 124522?
-124532
In base 12, what is 16 - -72703?
72719
In base 15, what is 1d14 - -26?
1d3a
In base 7, what is -2323201 + 1?
-2323200
In base 5, what is 310020222 + -1?
310020221
In base 4, what is -33 - -2011131?
2011032
In base 3, what is -100001 - 210?
-100211
In base 3, what is 11 - -101111011?
101111022
In base 7, what is -1165664 - 16?
-1166013
In base 2, what is 100 + -1100111001011100011?
-1100111001011011111
In base 8, what is -4 - 26167?
-26173
In base 7, what is -1136411 + -13?
-1136424
In base 16, what is -6d - 982?
-9ef
In base 10, what is 42081 + -22?
42059
In base 4, what is -1 - 1012121211?
-1012121212
In base 2, what is -110001111 + 100010111010?
11100101011
In base 3, what is 10 - 2120020002220?
-2120020002210
In base 10, what is 3 + -101472?
-101469
In base 14, what is -9 + 7ca?
7c1
In base 11, what is 253 - -1163?
1406
In base 15, what is 46 + 262?
2a8
In base 12, what is -11b + 205?
a6
In base 16, what is -2a4c8 + 3?
-2a4c5
In base 12, what is -5 + ba218?
ba213
In base 5, what is -2130 - -1213?
-412
In base 3, what is -21200 + -1011?
-22211
In base 6, what is -1 + -34252?
-34253
In base 7, what is -22 + 52616?
52564
In base 16, what is -110f57 - -2?
-110f55
In base 14, what is -96 - 4901?
-4997
In base 16, what is 42 + -c?
36
In base 5, what is -113411014 - -2?
-113411012
In base 10, what is 215552 - 8?
215544
In base 16, what is 4 - 4de62?
-4de5e
In base 13, what is 8 + 2c9c?
2ca7
In base 12, what is 87262 + 5?
87267
In base 12, what is -4975 - 10b?
-4a84
In base 3, what is -11001201 + 12?
-11001112
In base 13, what is 152 - 47?
108
In base 10, what is -143844 - 2?
-143846
In base 14, what is 366c + -b?
3661
In base 5, what is -10 - -223121204?
223121144
In base 16, what is -3e - 122?
-160
In base 15, what is 2 - -43c44?
43c46
In base 5, what is -3 + 40421234?
40421231
In base 5, what is -222323 + 1023?
-221300
In base 13, what is 0 + -118c8?
-118c8
In base 7, what is 24 + 136511?
136535
In base 14, what is -c2 - 35d?
-441
In base 5, what is -1241 - -244403?
243112
In base 6, what is 2522512 - 2?
2522510
In base 4, what is 31123310 + 3?
31123313
In base 14, what is -c + 14b7?
14a9
In base 11, what is 44988 - 2?
44986
In base 6, what is -2330 - -211?
-2115
In base 4, what is 1 + 22312132?
22312133
In base 11, what is 3 - -40335?
40338
In base 10, what is -52982 + 7?
-52975
In base 16, what is -5bd - -635?
78
In base 7, what is -160 - 153420?
-153610
In base 16, what is 41 - -60e?
64f
In base 13, what is 4 + -80a6?
-80a2
In base 7, what is 132233 + 4?
132240
In base 6, what is 4035 + -5520?
-1441
In base 12, what is -5 + -798?
-7a1
In base 13, what is -6c06 - 28?
-6c31
In base 6, what is -30 + 20324?
20254
In base 7, what is 2 + 144633?
144635
In base 10, what is 5 + 270?
275
In base 8, what is 1501 - -133?
1634
In base 14, what is -dcb5 - 2?
-dcb7
In base 10, what is -28713 - 6?
-28719
In base 13, what is 481 + -152?
32c
In base 7, what is 1 - -32160?
32161
In base 4, what is -201012031 - -1?
-201012030
In base 2, what is 1011001110 + 1000?
1011010110
In base 3, what is -10100 + -11011?
-21111
In base 9, what is 216520 + -3?
216516
In base 14, what is 4cb13 - -1?
4cb14
In base 9, what is -1082 + 1834?
742
In base 5, what is -3043 - 43141?
-101234
In base 10, what is -4071 - 184?
-4255
In base 7, what is -4 + -2402406?
-2402413
In base 10, what is -5 - -10643?
10638
In base 16, what is 0 + 2008?
2008
In base 9, what is 1231 - -55?
1286
In base 3, what is -11000 + 200021?
112021
In base 8, what is -600560 + 50?
-600510
In base 13, what is -c - -692?
683
In base 15, what is 34e7 + 10?
3507
In base 16, what is 3083a + 4?
3083e
In base 14, what is -22 - -5ddc?
5dba
In base 12, what is -2 - 8483?
-8485
In base 14, what is 185d - 8b?
17b2
In base 14, what is 31b5 - -2?
31b7
In base 10, what is 288233 - -4?
288237
In base 7, what is -3 + -20464?
-20500
In base 2, what is 1100001001000111001 - 100?
1100001001000110101
In base 12, what is -8 - 8797?
-87a3
In base 8, what is 222671 - -1?
222672
In base 8, what is 2773 - 161?
2612
In base 3, what is -12201010012 - 212?
-12201011001
In base 13, what is -4 + -59a4?
-59a8
In base 3, what is -12 + 211210212?
2112